s the units digit of -1 - (-2 - (7 + -4))?
4
Let h be (15/3)/((-3)/(-57)). Suppose s = 5, 5*y - 4*s + h = s. Let b = y + 24. What is the units digit of b?
0
Let l = -115 - -201. Suppose -5*t = 2*q - 74, 5*t - l = q + q. What is the tens digit of t?
1
Let k(r) = -2*r**2 + 9*r + 12. Let a(t) = -t**2 + 4*t + 6. Let g(b) = -5*a(b) + 2*k(b). What is the tens digit of g(6)?
1
Let q(f) = -7*f. Let d(z) = 8*z - 1. Let m(p) = 5*d(p) + 6*q(p). Let a be m(-4). Let i(y) = -y**3 + 6*y**2 - 5*y + 2. What is the tens digit of i(a)?
1
Let q = 1 - 1. Suppose 5*t + p - 2*p - 65 = q, 2*t - 43 = -3*p. What is the units digit of t?
4
Let q(w) = w - 2*w - 10*w - 110*w**2 + 112*w**2 - 5. What is the tens digit of q(8)?
3
Let y be -2*2/(-4)*4. Suppose 0 = y*t - 4*o - 1 + 45, -3*o + 15 = 0. What is the units digit of (-3)/(t/4) + 6?
8
Let y(m) = -m**2 + 11*m - 4. Let l be ((-40)/24)/((-1)/6). What is the units digit of y(l)?
6
Let n(r) = r**3 - 9*r**2 + 13*r - 8. Let j be n(8). Suppose -o = o - j. What is the tens digit of o?
1
Let s = -8 - -10. Let b be (-1 - s)*(-6)/9. Suppose 0 = 4*m + 2*w - 48, 5*w = -b*m + 3*w + 20. What is the tens digit of m?
1
Let q = 64 - 43. What is the units digit of q?
1
Suppose 4*d - 21 = 83. What is the tens digit of d?
2
Let g = -117 - -302. What is the hundreds digit of g?
1
Let n(h) = 211*h. What is the units digit of n(1)?
1
Let d = 30 + -18. Let q(i) = -i**2 + 15*i - 3. What is the units digit of q(d)?
3
Suppose j + 0 = 4. What is the units digit of 170/45 + j/18?
4
Suppose -5*j + 158 - 45 = 3*x, -3*j + 3 = 0. Suppose -x = -5*d + d. What is the units digit of d?
9
What is the tens digit of (-290)/(-8) - 5/20?
3
Suppose 0 = -4*s + 5*y + 12 + 33, 4*s = -5*y - 5. Suppose -3*h - 2*r - s = 0, -3*h + 3*r + 9 + 6 = 0. What is the units digit of h?
1
Let y(t) = t**2 + 7. Let b be y(7). Let a = 96 - b. What is the units digit of a?
0
Let j be 2 + (-1)/((-4)/424). Suppose 3*p - 3*v = 51, v = -4*p - 3*v + j. What is the tens digit of p?
2
Suppose -49 = -2*n - 3*x, -x = -2*n - 6*x + 59. What is the units digit of n + 3/1 - 3?
7
Let o be ((2 - -24)/2)/1. Suppose 5*f - 5*l - 20 = 0, f = 2*l + 2*l + o. What is the units digit of f?
1
Let k(r) = r**3 + 6*r**2 + 5*r + 5. Let c be k(-5). Let n(g) = 2*g**2 - 6*g - 4. What is the units digit of n(c)?
6
Let l(z) = -z**3 - 4*z**2 + 7*z + 7. Let q be l(-6). What is the tens digit of q*(2 + -3 - -2)?
3
Suppose 3*m - 5 = -5*r - 21, -3*r = 6. What is the units digit of (32/12 + m)*6?
4
Let b(j) = j**3 - 7*j**2 + j + 2. Let d(c) = c - 1. Suppose -q = 0, q + 1 = r - 2*r. Let s(f) = r*b(f) + 3*d(f). What is the units digit of s(7)?
9
Suppose -2*n + 4*t + 12 = 0, -7 = -4*n + 5*t + 23. Let m = n - 14. Let p = 11 + m. What is the units digit of p?
7
Let o = 4 + -2. Suppose -o*n = -33 - 29. What is the tens digit of n?
3
Suppose 4*o + 4*b = 3*o + 38, 100 = 3*o + 5*b. Suppose 3*j - 30 = o. What is the tens digit of j?
2
What is the units digit of ((-24)/10 + -5)*-1*5?
7
Suppose 4*n - 9 = -6*u + 3*u, -n = 4*u - 12. Suppose -50 = -2*t - n*t. What is the units digit of t?
5
Let g = -15 - -32. Suppose 3*d - 5*d = -6. Suppose 3*p - 2*v - 7 = g, d*p - 5*v = 33. What is the units digit of p?
6
Let q(p) = p**2 - 5*p + 4. Let x be q(3). Let t be x*(-2 - (-6)/4). Suppose m = o, -2*m + t = -1. What is the units digit of o?
1
Let t = 15 - 14. What is the units digit of 3 + (-2 - t)/3?
2
Suppose 0 = -q - 3*q + 28. Let p be (-2)/(-7) + 12/q. Suppose -p*h + 8 = -h. What is the units digit of h?
8
Let g be 6/(-1) - (-6 + 2). What is the tens digit of 14 - (2 - (2 - g))?
1
Suppose 2*n + 2 = 0, -4*r + 60 = r + 5*n. What is the units digit of r?
3
Let j(v) = 2*v**2 + 19*v - 63. What is the tens digit of j(-20)?
5
Let s be 4/6 + (-28)/6. Let m = s - -17. What is the tens digit of m?
1
Suppose -5*s - 2*c + 3*c = -39, 3*s - 2*c - 22 = 0. Suppose s*x = 5*x + 66. What is the units digit of x?
2
Suppose 0 = u + 2*i - 0*i - 4, -i = -u + 4. Suppose -67 = -u*w - 3. What is the tens digit of w?
1
Suppose -r - r - 2*s + 4 = 0, 4*r - 14 = 2*s. Let p be ((-2)/(-5))/((-2)/(-10)). Suppose 0 = 4*u + 3*j - r, -p*u + 0*u + 9 = -j. What is the units digit of u?
3
Let t(p) = -7*p + 6. What is the units digit of t(-12)?
0
What is the units digit of (-2)/3 - 56/(-21)?
2
Let t(k) = k + 9. Let s be t(-5). Let b = s - -5. What is the units digit of b?
9
Suppose 0*w = -5*w - r + 73, 4*w + 2*r - 56 = 0. Let m = -7 + w. What is the units digit of m?
8
Suppose 2*h + 55 + 5 = -3*w, -h = -5*w - 100. What is the units digit of (-4)/(w/(-9))*-5?
9
Let m(g) = -g**3 + 4*g**2 + 3*g - 4. Let i be m(4). Let x = 12 - 8. What is the units digit of (-2)/i + 29/x?
7
Suppose -2*w - 5 = 3*j - 93, 116 = 4*j + 4*w. What is the units digit of j/(-10)*5/(-3)?
5
Let p = -7 + 13. Suppose -p*k = -3*k + 27. What is the units digit of 2/k + 56/9?
6
What is the tens digit of (-46)/(-5)*(-10)/(-4)?
2
Let c = -15 - -30. Suppose 0*y = -3*b - 5*y - c, 5 = -b - y. Let p = b + 14. What is the units digit of p?
9
Let n(z) = z**2 + 7*z - 6. Let f be n(-8). Suppose -2*x + 12 = f. What is the units digit of (8/x)/((-6)/(-15))?
4
Suppose 182 = 4*h - 3*m, 2*h - 2*m - 115 + 23 = 0. What is the units digit of h/2 + -4 + 7?
5
Suppose 0 = -5*d - 4*l - 12, -l = -3*d - 4*l - 6. Let t(b) = -b + 8. What is the tens digit of t(d)?
1
Let n(a) = 8*a + 1. Let m(u) = -u - 1. Let l be m(-2). Let z be n(l). Suppose -5*g + 15 = -4*f, 0 = 2*g - 5*g + 2*f + z. What is the units digit of g?
3
Suppose -5*g + 22 - 2 = 0. What is the units digit of 1/g + 30/8?
4
Let w(r) = 3*r**2 - 2*r - 3. What is the units digit of w(-2)?
3
Suppose 5*c - 7 + 2 = 0. Let i(l) = 57*l**2 + l. What is the tens digit of i(c)?
5
Let q be -3 + (-27)/(-3) - -2. Let r = q - 5. Suppose -2*d - 2*a - 5 = a, r*a + 9 = 0. What is the units digit of d?
2
Let s = 14 - 34. What is the units digit of 8/(3 - 7) - s?
8
Suppose -2*h + 384 = -4*k, 249 = -5*h - 5*k + 1254. What is the hundreds digit of h?
1
Let y(w) = -5*w + 0*w - 2*w + 3. What is the tens digit of y(-2)?
1
Let z(r) = r - 1. Let k be z(4). Suppose -k*s = -4*s - 2. What is the tens digit of (44/(-12))/(s/6)?
1
Let b(r) = r**3 + 7*r**2 + 3*r + 12. What is the tens digit of b(-6)?
3
Let k = 114 + -64. What is the units digit of k?
0
Let x(f) = -f + 4. Let a be x(-3). Let o = a - -6. What is the tens digit of o?
1
Let d = -2 - 8. Let b = d - -20. Let l = 16 - b. What is the units digit of l?
6
Let k = 19 + 5. Let z = 7 + -21. Let c = z + k. What is the tens digit of c?
1
Let x(r) = -r**2 - 8*r - 7. Let m be x(-5). Suppose -m*h + 3*h + 160 = 0. What is the tens digit of h?
3
Let n(v) = -v**2 + 7*v + 8. Let y be n(7). Let q be (-6)/y*(-3 - 1). Suppose -19 = -q*z + 2. What is the units digit of z?
7
Suppose -3*s + 12 = 3. Suppose -20 = s*x - 65. What is the tens digit of x?
1
Let a(f) = -f**2 - 6*f. Let c be a(-5). Suppose -c*y = 3*i + 9 - 59, -4*i = 5*y - 45. What is the tens digit of y?
1
Let g(k) = k + 8. Let b be g(-6). Suppose -2*f + 16 = -b. What is the units digit of f?
9
Suppose 0*t - 54 = -2*t. Let s = t - 0. What is the units digit of s?
7
What is the units digit of (1/(-3))/((-9)/351)?
3
Let t(s) be the second derivative of 3/2*s**3 + 0 - s + 6*s**2 - 1/12*s**4. What is the units digit of t(9)?
2
Let i be (1 + -1)/(-3) + -18. Let p be ((-1)/2)/(3/i). Suppose p*x = -x + 24. What is the units digit of x?
6
Let n(l) = l**2 + 8*l - 3. Let q be n(-8). Let b = q - -5. What is the units digit of ((-1)/(-3))/(b/6)?
1
What is the tens digit of (36/(-15))/((-3)/40)?
3
Let r(h) = -6*h**2 - h + 2. Let l(k) = -k**2 + k. Let i(v) = 5*l(v) - r(v). What is the units digit of i(-7)?
5
Suppose -2*b - b + 45 = 0. What is the units digit of b?
5
Suppose 0*n - 3 = 2*n - 3*x, -5*n + 3*x - 3 = 0. Let o be 2/4 + (-3)/(-2). Suppose n*t = t - o. What is the units digit of t?
2
Let x(m) = m**3 - 3*m**2 + 3*m. What is the units digit of x(2)?
2
Suppose -76 = 2*k - 6*k + v, -57 = -3*k + 5*v. Let b = 21 - k. What is the units digit of b?
2
Let o(k) = 6*k + 4. Let z be o(5). Let b be z/4 + (-1)/(-2). What is the tens digit of 93/9 + 6/b?
1
Let t(f) be the first derivative of -25*f**2/2 + 4*f + 6. What is the tens digit of t(-2)?
5
Let k = 45 + -32. What is the tens digit of k?
1
Let s = 181 + -75. Let c = s + -65.